 the remainder when (23/(-2))/(1/(-12)) is divided by (-18841)/(-664) + 3/(-8)?
26
Let v = -532 + 675. What is the remainder when v is divided by 57?
29
Let o(c) = c**3 - 3*c**2 + 4*c - 21. What is the remainder when 351 is divided by o(4)?
10
Let j(c) be the first derivative of c**4 - c**3 + c + 18. Suppose -2*v + 5*y = -24, 4*v + 8 = -3*y - y. What is the remainder when 82 is divided by j(v)?
19
Calculate the remainder when (-8)/(-20) + 4090/25 is divided by 25.
14
Let c = -353 + 394. Calculate the remainder when 898 is divided by c.
37
Let h = -22 + 42. Suppose 0 = -5*q + 3*w + 780, -w = -4*w. Suppose 0 = 3*v - 18 - q. What is the remainder when v is divided by h?
18
Suppose -17*j - 36 = -478. Let c = 350 - 223. Calculate the remainder when c is divided by j.
23
Let x = -506 - -769. What is the remainder when x is divided by 23?
10
Calculate the remainder when (-4 - -281) + (-4 - 0) is divided by 19.
7
Suppose 0 = -4*f + f + 111. Suppose 6*n - 7*n = -f. Calculate the remainder when (-1)/3 - (-325)/3 is divided by n.
34
Let c = 217 - 139. Suppose -3742*u + 3735*u + 189 = 0. What is the remainder when c is divided by u?
24
Suppose 306*r - 309*r = -57. What is the remainder when r is divided by 3?
1
Suppose 3*d - 3*y - 256 = -2*d, 2*d - 106 = 3*y. Suppose -5*m + 235 = 2*i, -m - 4*i + d = -15. Let c = -6 + m. Calculate the remainder when c is divided by 10.
9
Suppose -3*b = -4*b + 13. What is the remainder when b is divided by 6 - 8 - 7*-1?
3
Suppose 3*z + 18 = 2*z. Let p(b) = -b - 11. Let h be p(-12). Let i = h - z. What is the remainder when 56 is divided by i?
18
Let x(q) = -q - 2. Let j be x(-3). Let k(h) = 7*h**2 - 25*h + 27. Calculate the remainder when ((-8)/12)/(j/(-36)) is divided by k(1).
6
Let b = 1161 - 1130. Calculate the remainder when 221 is divided by b.
4
Let v(q) = q**2 - 16*q + 95. Calculate the remainder when 111 is divided by v(8).
18
Suppose 3*r + 17 - 68 = 0. Calculate the remainder when 422 is divided by r.
14
Suppose 99*w - 97*w = 16. Calculate the remainder when 63 is divided by w.
7
Suppose 0*j + 4*j = 2*w + 20, -26 = -4*j + 5*w. Suppose 6 - j = s. Suppose 11 + 33 = s*y. Calculate the remainder when y is divided by 8.
6
Let y be 686/(-12) + 2/12. Let q = 83 + y. Suppose g = -4*o + 300, 4*o - 363 = 5*g - 63. Calculate the remainder when o is divided by q.
23
Let h = -35 + 10. Let j = 43 + h. Let k = 41 - 34. Calculate the remainder when j is divided by k.
4
Suppose -9123 - 192 = -23*u. Calculate the remainder when u is divided by 24.
21
Let f(q) = -q**2 + 19*q - 37. Calculate the remainder when 43 is divided by f(16).
10
Suppose 13*p + 12 - 64 = 0. What is the remainder when 41 is divided by p?
1
Let q(r) = -6*r - 2. Let p = 12 + -18. Let o = -9371 + 9472. What is the remainder when o is divided by q(p)?
33
Let l be 15/75 + (2 - 28/(-10)). Suppose 76 = -w + 5*w + 4*s, -3*w - l*s + 59 = 0. What is the remainder when 34 is divided by w?
16
Suppose 14 = 3*a + 5*b, 12 = 5*a - b - 2*b. What is the remainder when (a*1)/((-24)/(-456)) is divided by 15?
12
Calculate the remainder when (156/(-20) + -3 - -3)*-25 is divided by 50.
45
Suppose 4*c - 2*w + 6*w = 336, -5*w + 244 = 3*c. Let r = -40 + c. Calculate the remainder when r is divided by 26.
22
Let q be (-1 - 5/3)/(62/(-93)). What is the remainder when 112 is divided by ((-57)/6 + -4 + q)*-2?
17
Let o = 23 + -11. Suppose q - o = -f - 0*f, -f = -5*q + 90. Calculate the remainder when q is divided by 13.
4
Suppose 5*q - 5*l = 20, -4*q + 3*l = -0*l - 13. Calculate the remainder when 23 is divided by q + (-1)/(2/(-8)).
3
Suppose 209 = -5*m + 2*b, -2*b - 36 = m + 1. Let s = -20 + 96. Let p = s + m. Calculate the remainder when p is divided by 9.
8
Suppose -4803 = -48*v + 3597. Calculate the remainder when v is divided by 44.
43
Let x(q) = -q + 1. Let g(u) = u**3 - 13*u**2 + 4*u + 7. Let p(d) = -g(d) + 3*x(d). What is the remainder when p(9) is divided by 52?
49
Let q(f) = -f**3 + 8*f**2 + 4 - f**2 + 9*f - 1. Suppose -3*d - 5*o + o = -24, -4*o + 32 = 4*d. What is the remainder when 18 is divided by q(d)?
7
Suppose 35*i - 42*i = -70. Calculate the remainder when 148 is divided by i.
8
Let x = -1730 - -1767. What is the remainder when x is divided by 28?
9
Calculate the remainder when 215 is divided by 8 - (-184)/24*3.
29
Let y = -2690 - -2706. What is the remainder when y is divided by 5?
1
Suppose -16 - 5 = -h. Suppose -28 - 44 = -12*v. Calculate the remainder when h is divided by v.
3
What is the remainder when -5 + ((-1952)/(-15) - (-12)/(-90)) is divided by 43?
39
Let b(f) = -17*f. Suppose -v + 3*q = -2, v - 9 = -4*q - 0. Let l(x) = 33*x + 1. Let s(t) = v*b(t) + 2*l(t). Calculate the remainder when s(-2) is divided by 14.
12
Let p(o) = -2*o**3 - 10*o**2 - 17*o - 56. Calculate the remainder when p(-7) is divided by 66.
61
Let g = 61 - 26. Let s = -25 + g. Calculate the remainder when 39 is divided by s.
9
Let x = 16 + -4. Let v = x - 5. Calculate the remainder when v is divided by 4/((-8)/6) - (-8 - 0).
2
Let g = -4279 - -7428. What is the remainder when g is divided by 25?
24
Suppose 3*w = 5*w - 4*x - 68, 3*w + 2*x - 102 = 0. What is the remainder when 108 is divided by ((-2)/2 + w)*(-4)/(-12)?
9
Let j(y) = y**3 + 28*y**2 - 63*y - 35. Calculate the remainder when 156 is divided by j(-30).
46
Let l = -8 - -11. Suppose -16 = l*i - 79. Suppose 5*h - 4*h = 40. Calculate the remainder when h is divided by i.
19
Let g = 1242 - 1185. Let c = -180 - -255. Suppose h - 6*h = -c. What is the remainder when g is divided by h?
12
Let k = 11235 + -11224. Let b = 3 - 1. Calculate the remainder when 41 + 2 - (-2 + b) is divided by k.
10
Suppose -58*c + 67*c - 135 = 0. Let m(w) = 10*w. Let i be m(8). Suppose -3*y + 91 = -i. Calculate the remainder when y is divided by c.
12
Suppose 0*l + 3*v - 5 = 5*l, 5*l + 2*v = 20. Suppose -8*b - 754 = -37*b. Calculate the remainder when b is divided by (l - (-2)/3)*3.
2
Suppose -y - 1 = -3*a + 5, 3*y = -3*a + 18. Suppose -3*l + 9 = -0*l, 0 = 5*i + a*l - 39. What is the remainder when 23 is divided by i?
5
Let w(l) = l**2 - 2. Suppose 2*x = -1 + 3. Let z be x*(2 + 0) - 4. What is the remainder when 6 is divided by w(z)?
0
Let i(q) = -q**3 - 4*q**2 + 5*q + 6. Suppose -3*y + 6 + 3 = 0. Suppose y*h + 24 = 2*d, 4*h + 20 = 2*d - h. What is the remainder when d is divided by i(-5)?
3
Let w = 115 - 86. Calculate the remainder when 88 is divided by w.
1
Calculate the remainder when 100/(-550) - 576/(-22) is divided by 16.
10
Let f = 30 - -116. What is the remainder when f is divided by 38?
32
Let i(m) = m**3 - 14*m**2 + 16*m - 18. What is the remainder when 81 is divided by i(13)?
18
Let g be (-2)/7 - (-234)/(-63). Calculate the remainder when 2/g + 624/32 is divided by 12.
7
Let u be ((-48)/30)/((-4)/10). Let c(o) = o**2 + o - 5. Calculate the remainder when c(u) is divided by -3 + 13 + (1 - 3).
7
Let c(p) = -p**2 + 6*p + 4. Let u be c(6). Suppose u*n - 9 = n. What is the remainder when 16 is divided by n?
1
Suppose -5*u + 134 = -31. Calculate the remainder when 1711 is divided by u.
28
Let p(o) = -o**2 - 30*o - 125. Suppose -8*f = -3*f + 130. Let g = f + 45. Calculate the remainder when p(-23) is divided by g.
17
Let z = -18 + 18. Suppose -102 = -5*x - 3*d - z, -5*d + 56 = 2*x. What is the remainder when 70 is divided by x?
16
Suppose -4*n = -34 + 6. Suppose 5*q - 10 = 0, -5*q + 3*q = 3*t - 10. What is the remainder when n is divided by t?
1
Suppose -2*r = 3*o - 91, 5*r - 2*o + 92 = 7*r. Calculate the remainder when 96 is divided by r.
2
Suppose -21*j + 159 = -18*j. What is the remainder when j is divided by 28?
25
Let v = -13 - -15. Suppose v*x - 84 = -0*x. Let w = x + -25. Calculate the remainder when 65 is divided by w.
14
Suppose 189 = 5*i - 4*h, 3*h = i + i - 77. Let n(j) = -j**3 + 23*j**2 - 39*j - 53. Calculate the remainder when i is divided by n(21).
7
Let s(n) = -n**2 + 11*n - 5. Calculate the remainder when 64 is divided by s(8).
7
Let c(m) = 24*m**2 + 3*m - 2. Let s(r) = -3*r**3 + r + 1. Let z be s(-1). Let k = z - 2. Calculate the remainder when c(k) is divided by 14.
11
Let p(o) = -o**3 - 2*o**2 - 3*o - 9. Calculate the remainder when 16 is divided by p(-3).
7
Let o be 6/(-14) + (-120)/(-35). Let w = 13 + o. Suppose 2*y = a + 21, -2*y + 2 = 3*a -